{"id":19,"date":"2017-11-01T12:43:18","date_gmt":"2017-11-01T12:43:18","guid":{"rendered":"http:\/\/bridge101.qodeinteractive.com\/?page_id=19"},"modified":"2023-03-17T12:47:30","modified_gmt":"2023-03-17T12:47:30","slug":"home","status":"publish","type":"page","link":"https:\/\/cognus2023.cleit0n.opalstacked.com\/","title":{"rendered":"Home"},"content":{"rendered":"<section class=\"wpb-content-wrapper\"><p>[vc_row css_animation=&#8221;&#8221; row_type=&#8221;row&#8221; use_row_as_full_screen_section=&#8221;no&#8221; type=&#8221;full_width&#8221; angled_section=&#8221;no&#8221; text_align=&#8221;left&#8221; background_image_as_pattern=&#8221;without_pattern&#8221; z_index=&#8221;&#8221;][vc_column][rev_slider_vc alias=&#8221;home-slider&#8221;][\/vc_column][\/vc_row][vc_row css_animation=&#8221;&#8221; row_type=&#8221;row&#8221; use_row_as_full_screen_section=&#8221;no&#8221; type=&#8221;full_width&#8221; angled_section=&#8221;no&#8221; text_align=&#8221;left&#8221; background_image_as_pattern=&#8221;without_pattern&#8221; z_index=&#8221;&#8221; anchor=&#8221;ensino&#8221;][vc_column][qode_elements_holder number_of_columns=&#8221;three_columns&#8221; three_columns_proportion=&#8221;50_25_25&#8243; switch_to_one_column=&#8221;1000&#8243;][qode_elements_holder_item advanced_animations=&#8221;no&#8221; background_color=&#8221;#ffffff&#8221; item_padding=&#8221;145px 17% 14% 16%&#8221; item_padding_1024_1280=&#8221;76px 11% 11% 11%&#8221; item_padding_600_768=&#8221;102px 9% 14% 8%&#8221; item_padding_480_600=&#8221;46px 8% 14% 8%&#8221; item_padding_480=&#8221;46px 8% 14% 8%&#8221;][vc_column_text]<\/p>\n<h2>Tradi\u00e7\u00e3o e <span style=\"color: #0cd6b0;\">tecnologia<\/span> para a Educa\u00e7\u00e3o<\/h2>\n<p>[\/vc_column_text][vc_empty_space height=&#8221;26px&#8221;][vc_column_text]H\u00e1 mais de 50 anos o Sistema COC de Ensino alia pioneirismo em tecnologia, inova\u00e7\u00e3o e qualidade. Refer\u00eancia desde a educa\u00e7\u00e3o infantil at\u00e9 o pr\u00e9-vestibular, sua metodologia exclusiva proporciona um ensino multiconectado, repleto de solu\u00e7\u00f5es educacionais e conte\u00fados digitais, que prepara os alunos n\u00e3o s\u00f3 para o vestibular, mas para a vida inteira.[\/vc_column_text][vc_empty_space height=&#8221;33px&#8221;]<span class='q_social_icon_holder circle_social' data-color=#000000 data-hover-background-color=#0cd6b0 data-hover-border-color=#21ab64 data-hover-color=#ffffff><a itemprop='url' href='https:\/\/www.facebook.com\/CognusAraras' target='_self'><span class='fa-stack ' style='background-color: rgba(255, 255, 255, 1);border-color: #e1e1e1;border-width: 2px;margin: 0 10px 0 0;font-size: 22px;'><i class=\"qode_icon_font_awesome fa fa-facebook \" style=\"color: #000000;font-size: 18px;\" ><\/i><\/span><\/a><\/span><span class='q_social_icon_holder circle_social' data-color=#000000 data-hover-background-color=#0cd6b0 data-hover-border-color=#21ab64 data-hover-color=#ffffff><a itemprop='url' href='https:\/\/www.instagram.com\/cognus_araras\/' target='_self'><span class='fa-stack ' style='background-color: rgba(255, 255, 255, 1);border-color: #e1e1e1;border-width: 2px;margin: 0 10px 0 0;font-size: 22px;'><i class=\"qode_icon_font_awesome fa fa-instagram \" style=\"color: #000000;font-size: 18px;\" ><\/i><\/span><\/a><\/span><span class='q_social_icon_holder circle_social' data-color=#000000 data-hover-background-color=#0cd6b0 data-hover-border-color=#21ab64 data-hover-color=#ffffff><a itemprop='url' href='https:\/\/www.linkedin.com\/company\/escola-cognus\/' target='_self'><span class='fa-stack ' style='background-color: rgba(255, 255, 255, 1);border-color: #e1e1e1;border-width: 2px;margin: 0 10px 0 0;font-size: 22px;'><i class=\"qode_icon_font_awesome fa fa-linkedin \" style=\"color: #000000;font-size: 18px;\" ><\/i><\/span><\/a><\/span>[\/qode_elements_holder_item][qode_elements_holder_item advanced_animations=&#8221;no&#8221; background_image=&#8221;584&#8243; item_padding=&#8221;0 0 0 0&#8243; item_padding_600_768=&#8221;32% 0 32% 0&#8243; item_padding_480_600=&#8221;45% 0 45% 0&#8243; item_padding_480=&#8221;45% 0 45% 0&#8243;][vc_empty_space][\/qode_elements_holder_item][qode_elements_holder_item advanced_animations=&#8221;no&#8221; background_color=&#8221;#0cd6b0&#8243; item_padding=&#8221;26px 6% 0 15%&#8221; item_padding_1280_1440=&#8221;26px 5% 0 10%&#8221; item_padding_768_1024=&#8221;17px 2% 0 2%&#8221; item_padding_600_768=&#8221;40px 8% 0 8%&#8221; item_padding_480_600=&#8221;40px 8% 0 8%&#8221; item_padding_480=&#8221;40px 8% 0 8%&#8221;][vc_column_text]<\/p>\n<h2><span style=\"color: #ffffff;\">A melhor qualidade educativa com tecnologia de ponta e uma proposta educativa de excel\u00eancia h\u00e1 mais de 50 anos.<\/span><\/h2>\n<p>[\/vc_column_text][\/qode_elements_holder_item][\/qode_elements_holder][\/vc_column][\/vc_row][vc_row css_animation=&#8221;&#8221; row_type=&#8221;row&#8221; use_row_as_full_screen_section=&#8221;no&#8221; type=&#8221;full_width&#8221; angled_section=&#8221;no&#8221; text_align=&#8221;left&#8221; background_image_as_pattern=&#8221;without_pattern&#8221; el_class=&#8221;video-box-l&#8221;][vc_column][qode_elements_holder number_of_columns=&#8221;two_columns&#8221;][qode_elements_holder_item advanced_animations=&#8221;no&#8221; background_image=&#8221;568&#8243; item_padding=&#8221;0 0% 0 61px&#8221; item_padding_1024_1280=&#8221;0 0% 30px 61px&#8221; item_padding_480_600=&#8221;0 0% 30px 8%&#8221; item_padding_480=&#8221;0 0% 30px 8%&#8221;][vc_empty_space height=&#8221;194px&#8221;][vc_empty_space height=&#8221;13px&#8221;][vc_column_text]<\/p>\n<h2><span style=\"color: #ffffff;\">Escola Cognus<\/span><\/h2>\n<h2><span style=\"color: #ffffff;\"><span style=\"color: #0cd6b0;\">Educa\u00e7\u00e3o<\/span> que vai al\u00e9m.<\/span><\/h2>\n<p>[\/vc_column_text][\/qode_elements_holder_item][qode_elements_holder_item advanced_animations=&#8221;no&#8221; item_padding=&#8221;17% 14% 18% 18%&#8221; item_padding_1024_1280=&#8221;17% 9% 18% 9%&#8221; item_padding_768_1024=&#8221;12% 4% 12% 5%&#8221; item_padding_600_768=&#8221;12% 8% 12% 8%&#8221; item_padding_480_600=&#8221;17% 8% 18% 8%&#8221; item_padding_480=&#8221;17% 8% 18% 8%&#8221;][vc_tabs style=&#8221;boxed&#8221;][vc_tab title=&#8221;Ed. Infantil&#8221; tab_id=&#8221;16d35cde-49a2-8&#8243;][vc_column_text]\u00c9 do nascimento aos seis anos de idade que ocorre grande parte do desenvolvimento da crian\u00e7a e de sua intelig\u00eancia, nos n\u00edveis racional e emocional, o que determina sua capacidade de aprender. Por isso, o Sistema COC de Ensino parte de propostas multimetodol\u00f3gicas e l\u00fadicas para estimular a crian\u00e7a de forma adequada, integrando aspectos cognitivos e sociais e orientando-a nessa fase decisiva para que trabalhe com todas as \u00e1reas do conhecimento de forma integrada.<\/p>\n<p>[\/vc_column_text][\/vc_tab][vc_tab title=&#8221;Fundamental&#8221; tab_id=&#8221;29d3b0ae-5b1a-3&#8243;][vc_column_text]Preparar os alunos para as constantes mudan\u00e7as da realidade \u00e9 uma de nossas metas. A forma\u00e7\u00e3o escolar deve motivar a crian\u00e7a para o di\u00e1logo, incentivando o desejo de pesquisar e buscar o que \u00e9 in\u00e9dito. Associando tecnologia aos livros did\u00e1ticos, criamos uma estrutura interativa, que convida a crian\u00e7a a navegar em busca do conhecimento. Neste novo contexto, as crian\u00e7as s\u00e3o conectadas \u00e0 realidade, estimuladas a desenvolver habilidades e compet\u00eancias, compartilhar e trocar ideias com outros alunos e nunca deixar de aprender.[\/vc_column_text][\/vc_tab][vc_tab title=&#8221;Ensino M\u00e9dio&#8221; tab_id=&#8221;1508137737517-2-5&#8243;][vc_column_text]Aprender vai muito al\u00e9m de estar pronto para as melhores universidades. O Sistema COC de Ensino apresenta uma metodologia com solu\u00e7\u00f5es educacionais que preparam os alunos para o Vestibular e o ENEM, e tamb\u00e9m para serem cidad\u00e3os conscientes. Afinal, se avida tem um mundo de possibilidades, cada estudante tem de estar preparado para seguir os melhores caminhos.[\/vc_column_text][\/vc_tab][\/vc_tabs][\/qode_elements_holder_item][\/qode_elements_holder][\/vc_column][\/vc_row][vc_row css_animation=&#8221;&#8221; row_type=&#8221;row&#8221; use_row_as_full_screen_section=&#8221;no&#8221; type=&#8221;full_width&#8221; angled_section=&#8221;no&#8221; text_align=&#8221;left&#8221; background_image_as_pattern=&#8221;without_pattern&#8221; el_class=&#8221;progress-left-percent&#8221; z_index=&#8221;&#8221; anchor=&#8221;matriculas&#8221;][vc_column][qode_elements_holder number_of_columns=&#8221;three_columns&#8221; three_columns_proportion=&#8221;50_25_25&#8243;][qode_elements_holder_item advanced_animations=&#8221;no&#8221; background_color=&#8221;#ffffff&#8221; item_padding=&#8221;10% 10% 10% 16%&#8221; item_padding_1280_1440=&#8221;138px 12% 17% 12%&#8221; item_padding_1024_1280=&#8221;138px 9% 17% 9%&#8221; item_padding_768_1024=&#8221;138px 6% 17% 6%&#8221; item_padding_600_768=&#8221;174px 8% 17% 8%&#8221; item_padding_480_600=&#8221;100px 8% 17% 8%&#8221; item_padding_480=&#8221;100px 8% 17% 8%&#8221;][vc_row_inner row_type=&#8221;row&#8221; type=&#8221;full_width&#8221; text_align=&#8221;left&#8221; css_animation=&#8221;&#8221;][vc_column_inner][vc_column_text]<\/p>\n<h2><span style=\"color: #0cd6b0;\">Matricule<\/span> seu filho(a)!<\/h2>\n<p>[\/vc_column_text][vc_empty_space height=&#8221;17px&#8221;][vc_column_text]<\/p>\n<p style=\"text-align: justify;\">A Escola Cognus \u00e9 a escolha ideal para fam\u00edlias que buscam uma educa\u00e7\u00e3o de excel\u00eancia e completa para seus filhos, desde a educa\u00e7\u00e3o infantil at\u00e9 o ensino m\u00e9dio. Com uma equipe de profissionais dedicados e experientes, oferecemos um ensino que valoriza n\u00e3o s\u00f3 o conhecimento acad\u00eamico, mas tamb\u00e9m o desenvolvimento pessoal e social dos alunos.<\/p>\n<p style=\"text-align: left;\">E agora, temos uma grande novidade para os estudantes do ensino m\u00e9dio: uma unidade exclusiva, pensada e desenvolvida para atender \u00e0s necessidades desse per\u00edodo t\u00e3o importante da vida dos jovens. Com uma infraestrutura moderna e completa, a nova unidade da Escola Cognus oferece um ambiente de aprendizado estimulante e acolhedor para os alunos.<\/p>\n<p style=\"text-align: left;\">Entre em contato conosco hoje mesmo e saiba mais sobre nossos programas educacionais e a excel\u00eancia de nosso ensino. Venha fazer parte da fam\u00edlia Cognus e garanta um futuro brilhante para seus filhos.<\/p>\n<p>[\/vc_column_text][vc_empty_space height=&#8221;30px&#8221;][\/vc_column_inner][\/vc_row_inner][\/qode_elements_holder_item][qode_elements_holder_item vertical_alignment=&#8221;top&#8221; advanced_animations=&#8221;no&#8221; background_color=&#8221;#0cd6b0&#8243; item_padding=&#8221;11px 104px 0px 74px&#8221; item_padding_1280_1440=&#8221;3px 60px 0px 40px&#8221; item_padding_1024_1280=&#8221;0px 30px 0px 29px&#8221; item_padding_768_1024=&#8221;10px 30px 0px 18px&#8221; item_padding_600_768=&#8221;5% 8% 5% 8%&#8221; item_padding_480_600=&#8221;5% 8% 5% 8%&#8221; item_padding_480=&#8221;5% 8% 5% 8%&#8221;][vc_empty_space height=&#8221;70px&#8221;]<div class=\"q_counter_holder  center\" style=\"\" data-digit=\"1370\"><span class=\"counter  zero\" style=\"color: #ffffff;font-weight: 700;\">1370<\/span><span class=\"separator small\" style=\"\"><\/span><p class=\"counter_text\" style=\"font-size: 15px;font-weight: 700;text-transform: none;color: #ffffff;\">Aprovados todos os anos<\/p><\/div><div class=\"q_counter_holder  center\" style=\"\" data-digit=\"50\"><span class=\"counter  zero\" style=\"color: #ffffff;font-weight: 700;\">50<\/span><span class=\"separator small\" style=\"\"><\/span><p class=\"counter_text\" style=\"font-size: 15px;font-weight: 700;text-transform: none;color: #ffffff;\">Anos de tradi\u00e7\u00e3o<\/p><\/div>[\/qode_elements_holder_item][qode_elements_holder_item advanced_animations=&#8221;no&#8221; background_image=&#8221;586&#8243; item_padding=&#8221;85% 6% 0 10%&#8221; item_padding_1280_1440=&#8221;87% 6% 0 10%&#8221; item_padding_1024_1280=&#8221;97% 6% 0 10%&#8221; item_padding_768_1024=&#8221;146% 3% 0 5%&#8221; item_padding_600_768=&#8221;47% 3% 36px 5%&#8221; item_padding_480_600=&#8221;47% 3% 36px 5%&#8221; item_padding_480=&#8221;47% 3% 36px 5%&#8221;][vc_column_text][\/vc_column_text][vc_empty_space height=&#8221;9px&#8221;][\/qode_elements_holder_item][\/qode_elements_holder][\/vc_column][\/vc_row][vc_row css_animation=&#8221;&#8221; row_type=&#8221;row&#8221; use_row_as_full_screen_section=&#8221;no&#8221; type=&#8221;full_width&#8221; angled_section=&#8221;no&#8221; text_align=&#8221;left&#8221; background_image_as_pattern=&#8221;without_pattern&#8221; el_class=&#8221;video-box-l&#8221; z_index=&#8221;&#8221; anchor=&#8221;contatos&#8221;][vc_column][qode_elements_holder number_of_columns=&#8221;two_columns&#8221;][qode_elements_holder_item vertical_alignment=&#8221;top&#8221; advanced_animations=&#8221;no&#8221; item_padding=&#8221;10% 1% 1% 16%&#8221; item_padding_1024_1280=&#8221;0 0% 30px 61px&#8221; item_padding_480_600=&#8221;0 0% 30px 8%&#8221; item_padding_480=&#8221;0 0% 30px 8%&#8221; background_color=&#8221;#0cd6b0&#8243;][vc_empty_space height=&#8221;15px&#8221;][vc_column_text]<\/p>\n<h2><span style=\"color: #ffffff;\">Fundamental e infantil<\/span><\/h2>\n<p>[\/vc_column_text][vc_empty_space height=&#8221;15px&#8221;][vc_column_text]<span data-type=\"normal\"  class=\"qode_icon_shortcode  q_font_awsome_icon fa-1x pull-left \" style=\"margin: 0 5px 0 0; \"><i class=\"qode_icon_font_awesome fa fa-map-marker qode_icon_element\" style=\"color: #ffffff;\" ><\/i><\/span> <span style=\"color: #ffffff;\">Rua Carlindo Pereira da Costa, 115.<\/span><br \/>\n<span data-type=\"normal\"  class=\"qode_icon_shortcode  q_font_awsome_icon fa-1x pull-left \" style=\"margin: 0 5px 0 0; \"><i class=\"qode_icon_font_awesome fa fa-phone qode_icon_element\" style=\"color: #ffffff;\" ><\/i><\/span> <span style=\"color: #ffffff;\">(19) 3542-1600<\/span><\/p>\n<p>[\/vc_column_text][vc_empty_space height=&#8221;15px&#8221;][vc_column_text]<\/p>\n<h2><span style=\"color: #ffffff;\">Ensino m\u00e9dio<\/span><\/h2>\n<p>[\/vc_column_text][vc_empty_space height=&#8221;15px&#8221;][vc_column_text]<span data-type=\"normal\"  class=\"qode_icon_shortcode  q_font_awsome_icon fa-1x pull-left \" style=\"margin: 0 5px 0 0; \"><i class=\"qode_icon_font_awesome fa fa-map-marker qode_icon_element\" style=\"color: #ffffff;\" ><\/i><\/span><span style=\"color: #ffffff;\">Av. Dona Renata, 1100.<\/span><br \/>\n<span data-type=\"normal\"  class=\"qode_icon_shortcode  q_font_awsome_icon fa-1x pull-left \" style=\"margin: 0 5px 0 0; \"><i class=\"qode_icon_font_awesome fa fa-phone qode_icon_element\" style=\"color: #ffffff;\" ><\/i><\/span><span style=\"color: #ffffff;\">(19) 3544-2688<\/span><\/p>\n<p>[\/vc_column_text][vc_empty_space height=&#8221;13px&#8221;][\/qode_elements_holder_item][qode_elements_holder_item advanced_animations=&#8221;no&#8221; item_padding=&#8221;10% 14% 10% 18%&#8221; item_padding_1024_1280=&#8221;17% 9% 18% 9%&#8221; item_padding_768_1024=&#8221;12% 4% 12% 5%&#8221; item_padding_600_768=&#8221;12% 8% 12% 8%&#8221; item_padding_480_600=&#8221;17% 8% 18% 8%&#8221; item_padding_480=&#8221;17% 8% 18% 8%&#8221;][vc_column_text]<\/p>\n<h2>Contate-nos!<\/h2>\n<p>Estamos \u00e0 disposi\u00e7\u00e3o.[\/vc_column_text][vc_empty_space height=&#8221;20px&#8221;]\n<div class=\"wpcf7 no-js\" id=\"wpcf7-f459-o1\" lang=\"en-US\" dir=\"ltr\" data-wpcf7-id=\"459\">\n<div class=\"screen-reader-response\"><p role=\"status\" aria-live=\"polite\" aria-atomic=\"true\"><\/p> <ul><\/ul><\/div>\n<form action=\"\/index.php?rest_route=%2Fwp%2Fv2%2Fpages%2F19#wpcf7-f459-o1\" method=\"post\" class=\"wpcf7-form init default\" aria-label=\"Contact form\" novalidate=\"novalidate\" data-status=\"init\">\n<fieldset class=\"hidden-fields-container\"><input type=\"hidden\" name=\"_wpcf7\" value=\"459\" \/><input type=\"hidden\" name=\"_wpcf7_version\" value=\"6.1.5\" \/><input type=\"hidden\" name=\"_wpcf7_locale\" value=\"en_US\" \/><input type=\"hidden\" name=\"_wpcf7_unit_tag\" value=\"wpcf7-f459-o1\" \/><input type=\"hidden\" name=\"_wpcf7_container_post\" value=\"0\" \/><input type=\"hidden\" name=\"_wpcf7_posted_data_hash\" value=\"\" \/>\n<\/fieldset>\n<div>\n\t<p><span class=\"wpcf7-form-control-wrap\" data-name=\"text-322\"><input size=\"40\" maxlength=\"400\" class=\"wpcf7-form-control wpcf7-text wpcf7-validates-as-required\" aria-required=\"true\" aria-invalid=\"false\" placeholder=\"Nome\" value=\"\" type=\"text\" name=\"text-322\" \/><\/span>\n\t<\/p>\n<\/div>\n<div>\n\t<p><span class=\"wpcf7-form-control-wrap\" data-name=\"text-322\"><input size=\"40\" maxlength=\"400\" class=\"wpcf7-form-control wpcf7-text wpcf7-validates-as-required\" aria-required=\"true\" aria-invalid=\"false\" placeholder=\"E-mail\" value=\"\" type=\"text\" name=\"text-322\" \/><\/span>\n\t<\/p>\n<\/div>\n<div>\n\t<p><span class=\"wpcf7-form-control-wrap\" data-name=\"textarea-836\"><textarea cols=\"5\" rows=\"3\" maxlength=\"2000\" class=\"wpcf7-form-control wpcf7-textarea wpcf7-validates-as-required\" aria-required=\"true\" aria-invalid=\"false\" placeholder=\"Mensagem\" name=\"textarea-836\"><\/textarea><\/span>\n\t<\/p>\n<\/div>\n<p><input class=\"wpcf7-form-control wpcf7-submit has-spinner\" type=\"submit\" value=\"Enviar\" \/>\n<\/p><input type=\"hidden\" id=\"ct_checkjs_cf7_5ef059938ba799aaa845e1c2e8a762bd\" name=\"ct_checkjs_cf7\" value=\"0\" \/><script >setTimeout(function(){var ct_input_name = \"ct_checkjs_cf7_5ef059938ba799aaa845e1c2e8a762bd\";if (document.getElementById(ct_input_name) !== null) {var ct_input_value = document.getElementById(ct_input_name).value;document.getElementById(ct_input_name).value = document.getElementById(ct_input_name).value.replace(ct_input_value, '1669270435');}}, 1000);<\/script><label class=\"apbct_special_field\" id=\"apbct_label_id47105\" for=\"apbct__email_id__wp_contact_form_7_47105\">47105<\/label><input \n        id=\"apbct__email_id__wp_contact_form_7_47105\" \n        class=\"apbct_special_field apbct__email_id__wp_contact_form_7\"\n        autocomplete=\"off\" \n        name=\"apbct__email_id__wp_contact_form_7_47105\"  \n        type=\"text\" \n        value=\"47105\" \n        size=\"30\" \n        apbct_event_id=\"47105\"\n        maxlength=\"200\" \n    \/><input \n        id=\"apbct_event_id\"\n        class=\"apbct_special_field\"\n        name=\"apbct_event_id\"\n        type=\"hidden\" \n        value=\"47105\" \n            \/><p style=\"display: none !important;\" class=\"akismet-fields-container\" data-prefix=\"_wpcf7_ak_\"><label>&#916;<textarea name=\"_wpcf7_ak_hp_textarea\" cols=\"45\" rows=\"8\" maxlength=\"100\"><\/textarea><\/label><input type=\"hidden\" id=\"ak_js_1\" name=\"_wpcf7_ak_js\" value=\"20\"\/><script>document.getElementById( \"ak_js_1\" ).setAttribute( \"value\", ( new Date() ).getTime() );<\/script><\/p><div class=\"wpcf7-response-output\" aria-hidden=\"true\"><\/div>\n<\/form>\n<\/div>\n[\/qode_elements_holder_item][\/qode_elements_holder][\/vc_column][\/vc_row]<\/p>\n<\/section>","protected":false},"excerpt":{"rendered":"<p>[vc_row css_animation=&#8221;&#8221; row_type=&#8221;row&#8221; use_row_as_full_screen_section=&#8221;no&#8221; type=&#8221;full_width&#8221; angled_section=&#8221;no&#8221; text_align=&#8221;left&#8221; background_image_as_pattern=&#8221;without_pattern&#8221; z_index=&#8221;&#8221;][vc_column][rev_slider_vc alias=&#8221;home-slider&#8221;][\/vc_column][\/vc_row][vc_row css_animation=&#8221;&#8221; row_type=&#8221;row&#8221; use_row_as_full_screen_section=&#8221;no&#8221; type=&#8221;full_width&#8221; angled_section=&#8221;no&#8221; text_align=&#8221;left&#8221; background_image_as_pattern=&#8221;without_pattern&#8221; z_index=&#8221;&#8221; anchor=&#8221;ensino&#8221;][vc_column][qode_elements_holder number_of_columns=&#8221;three_columns&#8221; three_columns_proportion=&#8221;50_25_25&#8243; switch_to_one_column=&#8221;1000&#8243;][qode_elements_holder_item advanced_animations=&#8221;no&#8221; background_color=&#8221;#ffffff&#8221; item_padding=&#8221;145px 17% 14% 16%&#8221; item_padding_1024_1280=&#8221;76px 11% 11% 11%&#8221; item_padding_600_768=&#8221;102px 9% 14% 8%&#8221; item_padding_480_600=&#8221;46px 8% 14% 8%&#8221; item_padding_480=&#8221;46px 8% 14% 8%&#8221;][vc_column_text] Tradi\u00e7\u00e3o&#8230;<\/p>\n","protected":false},"author":1,"featured_media":0,"parent":0,"menu_order":0,"comment_status":"closed","ping_status":"closed","template":"full_width.php","meta":{"om_disable_all_campaigns":false,"footnotes":""},"class_list":["post-19","page","type-page","status-publish","hentry"],"_links":{"self":[{"href":"https:\/\/cognus2023.cleit0n.opalstacked.com\/index.php?rest_route=\/wp\/v2\/pages\/19","targetHints":{"allow":["GET"]}}],"collection":[{"href":"https:\/\/cognus2023.cleit0n.opalstacked.com\/index.php?rest_route=\/wp\/v2\/pages"}],"about":[{"href":"https:\/\/cognus2023.cleit0n.opalstacked.com\/index.php?rest_route=\/wp\/v2\/types\/page"}],"author":[{"embeddable":true,"href":"https:\/\/cognus2023.cleit0n.opalstacked.com\/index.php?rest_route=\/wp\/v2\/users\/1"}],"replies":[{"embeddable":true,"href":"https:\/\/cognus2023.cleit0n.opalstacked.com\/index.php?rest_route=%2Fwp%2Fv2%2Fcomments&post=19"}],"version-history":[{"count":48,"href":"https:\/\/cognus2023.cleit0n.opalstacked.com\/index.php?rest_route=\/wp\/v2\/pages\/19\/revisions"}],"predecessor-version":[{"id":607,"href":"https:\/\/cognus2023.cleit0n.opalstacked.com\/index.php?rest_route=\/wp\/v2\/pages\/19\/revisions\/607"}],"wp:attachment":[{"href":"https:\/\/cognus2023.cleit0n.opalstacked.com\/index.php?rest_route=%2Fwp%2Fv2%2Fmedia&parent=19"}],"curies":[{"name":"wp","href":"https:\/\/api.w.org\/{rel}","templated":true}]}}